+ 92. What is the remainder when 171 is divided by v(-2)?
75
Let c = -17 + 33. What is the remainder when c is divided by (90/108)/((-1)/(-6))?
1
Suppose -40*w = -382 - 138. What is the remainder when 284 is divided by w?
11
Suppose -3*w + 213 = -3*m, -12*w + 8*w + 2*m = -274. What is the remainder when w is divided by 17?
15
Let s be (-46)/(-4) - 11/22. Let d = s - -4. Let l = 84 + -43. What is the remainder when l is divided by d?
11
Suppose 4*l + 20 = 0, -56*l - 99 = -2*z - 55*l. Calculate the remainder when 1127 is divided by z.
46
Suppose 47*k = 41*k + 48. Suppose 7*y = k*y - 15. Calculate the remainder when 73 is divided by y.
13
Let k(y) be the second derivative of y**5/20 + 5*y**4/12 + 2*y**2 - 10*y. Let g = -141 + 219. Calculate the remainder when g is divided by k(-4).
18
Let d(h) = 15*h**2 + h + 6. Let s be d(-2). Let w = 124 - s. Calculate the remainder when w is divided by 21.
18
Suppose 34*t = 41*t - 553. What is the remainder when 129 is divided by t?
50
Let h = -71 - -80. Let u = -94 - -121. What is the remainder when u is divided by h?
0
Suppose 225 = 45*o - 42*o. What is the remainder when 153 is divided by o?
3
Let c(w) be the second derivative of -w**5/20 - 2*w**4/3 + w**3 - 17*w**2 - 6*w. What is the remainder when c(-10) is divided by 18?
16
Suppose -4*x + 21 = z - 27, z + 2*x - 44 = 0. What is the remainder when 238 is divided by z?
38
Let s = 13 + 10. Let v = 226 + -79. Let l = v - 56. What is the remainder when l is divided by s?
22
Suppose -78 = m - 4*m. What is the remainder when m is divided by 3 + (-17)/((-68)/24)?
8
Let g = 12 + -9. Suppose 0 = -g*j + 2*a + 37, 2*j - 22 = 3*a - a. Suppose -2*v + 38 = 3*x - 9, x = -v + j. What is the remainder when x is divided by 10?
7
Let b be ((-2)/4)/((-12)/72). What is the remainder when (-54)/(-12)*58/b - -2 is divided by 45?
44
Suppose -d - 10 = -31. Suppose 5*i = -3*p + 13 + 5, 12 = 3*p + 3*i. Calculate the remainder when d is divided by -3*((-28)/6 + p).
10
Let r(y) = 14*y**2 + 4*y + 3. Let t be 14/(-6) + -3 + 50/15. Calculate the remainder when r(t) is divided by (-184)/(-10) + (-4)/10.
15
Suppose 36*m = 12*m + 864. Calculate the remainder when m is divided by 25.
11
Let z(g) = 3*g - 81. Let c be z(25). Let b(r) = r**3 - 6*r**2 + 7*r - 7. Let n be b(5). What is the remainder when 142 is divided by (n + -57)*4/c?
34
Suppose 0 = -4*g - 16, 7*k = 2*k - 2*g + 22. Let v be 0/7 - -5 - 7. Let y = k - v. What is the remainder when 30 is divided by y?
6
Suppose -613 = -6*z - 211. Let o = -83 + 117. What is the remainder when z is divided by o?
33
What is the remainder when (82/(-4))/((-5)/10) is divided by 9?
5
Suppose -7*m = -8*m + 71. Calculate the remainder when 127 is divided by m.
56
Let t(x) = -x**3 - 5*x**2 + 4*x - 3. Calculate the remainder when 141 is divided by t(-6).
6
Suppose 0 = -16*d + 2*d + 1386. Let t = 144 - d. Calculate the remainder when t is divided by 16.
13
Suppose -19 + 445 = x - k, -5*k = 2*x - 880. What is the remainder when x is divided by 27?
25
Let m be -2*(-2)/4*(111 + -104). Suppose -m*q + 19 = -2. Suppose -3*k = -2*k - 5. What is the remainder when k is divided by q?
2
Let j = 113 + -29. Suppose 8 = -2*f - o - 3*o, 2*o = 5*f - 16. Suppose f*g + 3*u = j + 22, 0 = g - 5*u - 27. Calculate the remainder when g is divided by 12.
11
Suppose 2*t + 2 = 3*s - 8, -3*s - 46 = 5*t. Let y = 2 + t. Let i(z) = -9*z - 9. Calculate the remainder when i(y) is divided by 12.
9
Suppose -5*k + 20 = 0, -26 = -5*b + 4*k + 368. Calculate the remainder when b is divided by 12.
10
Let b(p) = -p**2 + 13*p - 3. Suppose -2*n = -0*n - 2. Suppose 0 = -5*k - 3*z + 31, 2*k + 4*z - n - 17 = 0. Calculate the remainder when b(k) is divided by 8.
5
Let j(a) = -a**2 + 8*a - 7. Suppose 0 = 8*q - 2*q - 36. Calculate the remainder when j(q) is divided by 4.
1
Let u(s) = -s + 1. Let l be u(-5). Suppose 0 = 2*n - 4*n + l. Suppose -5*j + 202 = n*o, -2*o + 9 - 1 = 0. Calculate the remainder when j is divided by 13.
12
Calculate the remainder when 40 is divided by 2016/120 - (0 + -3)/15.
6
Suppose -2*d = 2*d + d. What is the remainder when (0 - 4/(-4 - d))*24 is divided by 16?
8
Suppose -8*u + 63 = -9. Suppose 3*o - u = 5*d, -9 = -3*d - 0. Calculate the remainder when 31 is divided by o.
7
Suppose -i + 2 = -1. Let u = 156 + -145. What is the remainder when u is divided by i?
2
What is the remainder when 134 is divided by (-10 + 1)/(-2*(-4)/(-8))?
8
Let d = 242 - 172. What is the remainder when d is divided by 41?
29
Calculate the remainder when 34 is divided by 15/25*-3*5/(-1).
7
Let x(u) = u - 30. Let w(p) = p**2 + 3*p - 4. Let t be w(-6). Let d be x(t). Let h = d - -37. What is the remainder when 41 is divided by h?
20
Let n(h) = -53*h + 1. Let d be n(-1). Let y = 57 - d. Let z(q) = q + 4. What is the remainder when y is divided by z(-2)?
1
Let u = -311 - -354. What is the remainder when u is divided by 34?
9
Suppose -13*p = 13 - 182. Calculate the remainder when 189 is divided by p.
7
Let j = 2475 - 2463. What is the remainder when 250 is divided by j?
10
Suppose 2*k + 3*k - 3*r - 203 = 0, -201 = -5*k + r. Suppose 3447 - 3597 = -2*n. Calculate the remainder when n is divided by k.
35
Let u = 182 - 38. Suppose -5*o - k - 3*k + 121 = 0, -4*o = -5*k - 146. What is the remainder when u is divided by o?
28
Suppose 22*u = 16*u + 3408. What is the remainder when u is divided by 19?
17
Suppose 0 = -2*i - d + 8, 0 = -2*i + 2*d + 2*d - 12. Suppose -3*u + 4 = 10. Calculate the remainder when 34 is divided by u/(-4) - (-35)/i.
16
Let d = -20104 - -20115. Suppose -5*j + 154 = -1. Calculate the remainder when j is divided by d.
9
Calculate the remainder when 62*(5 + 20/8) is divided by 13.
10
Let z(v) = -v**2 + 7*v + 8. Let d be z(8). Suppose d*c - 23 = -c. Suppose -2*h - 4*h = -30. Calculate the remainder when c is divided by h.
3
Suppose 52 = f + 3*f. Let u be 1/3 + 70/6. Let a = u + -8. What is the remainder when f is divided by a?
1
Suppose 2*z = -3*z + 65. Calculate the remainder when 1 + -8 - (-8 + -24) is divided by z.
12
Let g be (-104)/10 - 14/(-35). Let a(h) = -4*h + 5*h + h**2 + 9*h + 5. Calculate the remainder when 17 is divided by a(g).
2
Let r(m) = m**2 - m + 29. What is the remainder when r(-15) is divided by 68?
65
Suppose l - 36 = -15. Let d = 596 + -513. Calculate the remainder when d is divided by l.
20
Let n(w) = -w**2 + w + 27. Calculate the remainder when 159 is divided by n(0).
24
Suppose -3*a + 142 = 3*c - 56, 0 = 2*a + 8. What is the remainder when 31 is divided by (224/c)/(1/5)?
15
Let x(l) = -4*l**2 - l**2 + 4*l**2 + 5*l**2 + 8*l - 3. Calculate the remainder when x(-7) is divided by 28.
25
Let w be (-2 + 1)*20/(-4). Let i be 647/w - (-18)/30. Calculate the remainder when (i/(-8))/((-3)/12) is divided by 17.
14
What is the remainder when ((-9)/(-6))/((-1)/(-18)) is divided by 225/33 + 2 + 40/(-22)?
6
Suppose -5*i + 74*l - 78*l + 44 = 0, -3*l - 37 = -5*i. What is the remainder when i is divided by 6?
2
Calculate the remainder when (0 - (-2 + -76)) + -2 is divided by (-80)/(-3) + 218/(-327).
24
Let b = 104 + 1. Let y = b - 36. What is the remainder when y is divided by 19?
12
Let m be (10/8)/(2/(-56)). Let o be ((-1722)/m)/((-6)/(-20)). Suppose 6*b - o = 2*b. Calculate the remainder when 161 is divided by b.
38
Let g = -658 - -709. What is the remainder when g is divided by 41?
10
Let s(h) = 12*h + 163. What is the remainder when 76 is divided by s(-11)?
14
Suppose 25*m = 1470 + 3255. What is the remainder when m is divided by 27?
0
Suppose 31*j = 45*j - 1134. What is the remainder when 395 is divided by j?
71
Suppose 5*o - 13*o = -536. Let i = o - 55. Calculate the remainder when 21 is divided by i.
9
Suppose -175 - 556 = -17*s. What is the remainder when s is divided by 19?
5
Let d(x) = -3*x - 11. Let y be d(-5). Suppose z - 39 = -3*p, -6 = -2*z + y*z. Suppose 0 - p = -2*i. Calculate the remainder when i is divided by 3.
1
Let z be (-14)/4*(-16)/14. Suppose -g + 20 = z. What is the remainder when 58 is divided by g?
10
Let s(j) = 9*j + 9. Let f be s(-12). Let p = f - -112. What is the remainder when 43 is divided by p?
4
Suppose 0 = -4*h - 2*d - 0 - 2, h - d = -2. Let u = h + 11. What is the remainder when 47 is divided by u?
7
Suppose -2*m - 3*m - n + 33 = 0, -5*n = m + 3. S